5248783 is divided by 3322?
23
What is the remainder when 55334663 is divided by 18444879?
26
What is the remainder when 77371442 is divided by 1110?
2
Calculate the remainder when 1204205 is divided by 130.
15
What is the remainder when 279852 is divided by 818?
96
Calculate the remainder when 14130387 is divided by 51.
21
Calculate the remainder when 1290610 is divided by 23.
11
What is the remainder when 228994 is divided by 490?
164
Calculate the remainder when 130017290 is divided by 34.
32
What is the remainder when 34856736 is divided by 726182?
0
What is the remainder when 18897817 is divided by 103?
98
Calculate the remainder when 2022313 is divided by 5393.
5331
What is the remainder when 2031382 is divided by 126960?
22
What is the remainder when 404744 is divided by 1846?
470
What is the remainder when 13500 is divided by 1090?
420
Calculate the remainder when 7747076 is divided by 11020.
16
Calculate the remainder when 1294349 is divided by 215721.
23
What is the remainder when 23240392 is divided by 23240382?
10
Calculate the remainder when 146611 is divided by 35.
31
What is the remainder when 8256057 is divided by 726?
711
What is the remainder when 104869 is divided by 517?
435
What is the remainder when 43618 is divided by 3458?
2122
Calculate the remainder when 2015809237 is divided by 460.
457
What is the remainder when 8636180 is divided by 531?
527
Calculate the remainder when 5977246 is divided by 32.
30
Calculate the remainder when 8833078 is divided by 4416461.
156
What is the remainder when 1509101 is divided by 502635?
1196
What is the remainder when 34317929 is divided by 11?
8
Calculate the remainder when 29904026 is divided by 26.
22
Calculate the remainder when 5332159 is divided by 1166.
41
Calculate the remainder when 1275522 is divided by 6479.
5638
What is the remainder when 12870646 is divided by 21?
19
What is the remainder when 349194 is divided by 34752?
1674
What is the remainder when 230505497 is divided by 3144?
3137
What is the remainder when 276187 is divided by 1482?
535
Calculate the remainder when 89298812 is divided by 27.
11
What is the remainder when 946692 is divided by 3369?
3
Calculate the remainder when 83586769 is divided by 56.
49
Calculate the remainder when 278147 is divided by 1738.
67
Calculate the remainder when 8757636 is divided by 269.
72
What is the remainder when 21429 is divided by 282?
279
What is the remainder when 1207391 is divided by 873?
32
What is the remainder when 4834271 is divided by 4834202?
69
Calculate the remainder when 149847 is divided by 966.
117
Calculate the remainder when 3307616 is divided by 629.
334
What is the remainder when 28604627 is divided by 4767436?
11
What is the remainder when 186462 is divided by 185924?
538
What is the remainder when 2310661 is divided by 37266?
169
What is the remainder when 1989751 is divided by 165812?
7
Calculate the remainder when 1641041 is divided by 64.
17
What is the remainder when 2240718 is divided by 746850?
168
What is the remainder when 50328668 is divided by 6993?
47
Calculate the remainder when 1222266 is divided by 1.
0
Calculate the remainder when 27133904 is divided by 236.
40
Calculate the remainder when 1730755 is divided by 57687.
145
What is the remainder when 1972250 is divided by 118?
116
What is the remainder when 32653 is divided by 8110?
213
Calculate the remainder when 14096055 is divided by 284.
283
Calculate the remainder when 5860970 is divided by 42.
38
Calculate the remainder when 107419653 is divided by 2234.
2231
What is the remainder when 43828226 is divided by 8972?
6
Calculate the remainder when 13834 is divided by 4151.
1381
Calculate the remainder when 239622699 is divided by 1131.
1122
What is the remainder when 2220703 is divided by 32?
31
Calculate the remainder when 174507 is divided by 56.
11
What is the remainder when 134937 is divided by 16?
9
What is the remainder when 207420661 is divided by 49?
35
What is the remainder when 47103 is divided by 6591?
966
What is the remainder when 2129641 is divided by 70968?
601
Calculate the remainder when 309165244 is divided by 410578.
10
What is the remainder when 671215 is divided by 47928?
223
What is the remainder when 975223 is divided by 462?
403
What is the remainder when 3109551 is divided by 65?
16
What is the remainder when 163280540 is divided by 1348?
1344
What is the remainder when 9922935 is divided by 472519?
36
Calculate the remainder when 79012 is divided by 6510.
892
What is the remainder when 6421 is divided by 2026?
343
What is the remainder when 300433 is divided by 100040?
313
What is the remainder when 6022558 is divided by 40?
38
Calculate the remainder when 94817583 is divided by 309.
6
What is the remainder when 656448 is divided by 8992?
32
What is the remainder when 2824223 is divided by 524?
387
What is the remainder when 42389872 is divided by 922?
0
Calculate the remainder when 4513049 is divided by 470.
109
What is the remainder when 94039661 is divided by 16?
13
Calculate the remainder when 53627 is divided by 52825.
802
Calculate the remainder when 112564 is divided by 533.
101
Calculate the remainder when 36066095 is divided by 33.
32
What is the remainder when 771757 is divided by 771613?
144
Calculate the remainder when 17871682 is divided by 1897.
45
Calculate the remainder when 9029136 is divided by 818.
52
Calculate the remainder when 6933212 is divided by 8.
4
What is the remainder when 197234 is divided by 789?
773
Calculate the remainder when 227408 is divided by 1486.
50
What is the remainder when 35332632 is divided by 8833131?
108
What is the remainder when 424704 is divided by 581?
574
What is the remainder when 2016916 is divided by 66?
22
What is the remainder when 919676 is divided by 1253?
1227
What is the remainder when 8722658 is divided by 7269?
7127
What is the remainder when 313256 is divided by 1258?
14
What is the remainder when 28030 is divided by 2803?
0
What is the remainder when 23329159 is divided by 1110911?
28
What is the remainder when 25700 is divided by 3197?
124
What is the remainder when 40801139 is divided by 13600375?
14
What is the remainder when 7396177 is divided by 1848971?
293
What is the remainder when 6104266 is divided by 660?
586
What is the remainder when 71372 is divided by 2301?
41
What is the remainder when 8999233 is divided by 4923?
4912
What is the remainder when 934969 is divided by 311570?
259
What is the remainder when 1287852 is divided by 480?
12
Calculate the remainder when 1398107 is divided by 25.
7
Calculate the remainder when 20319492 is divided by 544.
4
What is the remainder when 306733 is divided by 43664?
1085
What is the remainder when 10055482 is divided by 638?
602
What is the remainder when 1432349 is divided by 49390?
39
Calculate the remainder when 55481945 is divided by 236.
233
Calculate the remainder when 3549974 is divided by 30.
14
Calculate the remainder when 799073 is divided by 159754.
303
What is the remainder when 16868641 is divided by 43?
42
Calculate the remainder when 59436836 is divided by 140.
116
What is the remainder when 1367006 is divided by 662?
638
Calculate the remainder when 484347 is divided by 270.
237
What is the remainder when 20254 is divided by 9695?
864
What is the remainder when 2664845 is divided by 1590?
5
Calculate the remainder when 307603 is divided by 1312.
595
Calculate the remainder when 4996882 is divided by 68.
38
What is the remainder when 9669499 is divided by 25?
24
Calculate the remainder when 1032681 is divided by 20650.
181
Calculate the remainder when 117055486 is divided by 132.
130
What is the remainder when 26982647 is divided by 1848?
1847
What is the remainder when 3952519 is divided by 262?
249
What is the remainder when 247463 is divided by 78178?
12929
What is the remainder when 1655052 is divided by 551679?
15
What is the remainder when 459693594 is divided by 283?
280
Calculate the remainder when 102912 is divided by 51283.
346
What is the remainder when 13558120 is divided by 6779051?
18
Calculate the remainder when 16060502 is divided by 5353489.
35
Calculate the remainder when 217562 is divided by 78.
20
What is the remainder when 13198797 is divided by 2913?
2907
Wha